vide 190948689?
False
Does 14 divide 690939900?
True
Is 14362516 a multiple of 316?
True
Is 166960941 a multiple of 137?
True
Is 33 a factor of 12511884?
True
Is 4809 a factor of 1049619527?
False
Is 275317879 a multiple of 149?
True
Is 552656194 a multiple of 494?
False
Is 26 a factor of 23025290?
False
Does 39 divide 52502970?
True
Is 1504 a factor of 211629344?
True
Is 7327023510 a multiple of 34?
False
Does 83 divide 261078409?
True
Is 46498604 a multiple of 94?
True
Does 703 divide 96948236?
False
Is 42987327 a multiple of 162?
False
Is 20 a factor of 76922980?
True
Is 2102893731 a multiple of 988?
False
Is 14 a factor of 1207935778?
True
Is 47142325 a multiple of 3?
False
Is 226595590 a multiple of 281?
True
Is 92 a factor of 430146057?
False
Does 633 divide 82000659?
False
Does 855 divide 24231177?
False
Does 194 divide 225537148?
False
Does 5 divide 1075299713?
False
Does 199 divide 5732195?
True
Is 5057 a factor of 389956369?
False
Is 24 a factor of 1298180000?
False
Is 250764800 a multiple of 8?
True
Is 557867595 a multiple of 645?
True
Is 316 a factor of 2594070542?
False
Does 7 divide 5795174?
True
Does 391 divide 29866144?
True
Does 54 divide 367813814?
False
Is 9 a factor of 1314887004?
True
Is 126 a factor of 69761416?
False
Is 6377 a factor of 188026480?
False
Is 717219378 a multiple of 9?
True
Is 300 a factor of 780039065?
False
Does 17 divide 4356294?
False
Is 2066 a factor of 133546240?
True
Is 409848323 a multiple of 39?
False
Is 379792073 a multiple of 32?
False
Does 157 divide 84849421?
False
Does 33 divide 270008343?
True
Does 1713 divide 12547725?
True
Does 858 divide 18246228?
True
Is 227 a factor of 3746589123?
False
Is 4247929 a multiple of 8?
False
Does 1610 divide 415425675?
False
Does 141 divide 2151179575?
False
Is 214021613 a multiple of 2?
False
Is 390 a factor of 33240090?
True
Is 43568484 a multiple of 51?
True
Does 423 divide 2383357545?
True
Does 58 divide 2031476144?
False
Does 402 divide 50959530?
True
Is 2040 a factor of 80565720?
True
Is 44331207 a multiple of 5?
False
Is 25 a factor of 58357325?
True
Is 25 a factor of 49418420?
False
Does 10 divide 3542310?
True
Does 42 divide 229614?
True
Is 68 a factor of 1343152183?
False
Does 38 divide 1379213990?
True
Is 833967181 a multiple of 493?
True
Is 14 a factor of 226991413?
False
Is 181 a factor of 601474100?
False
Is 11 a factor of 317904746?
False
Is 77747994 a multiple of 1603?
False
Is 374567928 a multiple of 787?
True
Is 132055795 a multiple of 86?
False
Is 32480052 a multiple of 4621?
False
Is 26 a factor of 106113688?
False
Is 458 a factor of 965665978?
True
Is 1114820752 a multiple of 3?
False
Is 2127772 a multiple of 4?
True
Is 119076515 a multiple of 220?
False
Is 18 a factor of 764656632?
True
Is 510752001 a multiple of 108?
False
Does 11 divide 84567934?
True
Is 4192 a factor of 392047148?
False
Is 993 a factor of 145538?
False
Is 1089 a factor of 41869872?
True
Does 705 divide 458439645?
True
Is 465117877 a multiple of 21?
False
Does 42 divide 1517895372?
True
Is 94396265 a multiple of 2812?
False
Does 8 divide 51648045?
False
Is 108166720 a multiple of 2512?
True
Is 2548 a factor of 215805408?
True
Does 8 divide 1118421662?
False
Is 5251266489 a multiple of 21?
True
Is 14 a factor of 84167888?
True
Is 2616 a factor of 17219865?
False
Does 152 divide 892857272?
True
Is 33 a factor of 4315761615?
True
Is 170444359 a multiple of 36?
False
Does 22 divide 102967666?
False
Is 1223 a factor of 7391812?
True
Does 74 divide 3830281?
False
Does 2952 divide 16987612?
False
Is 6 a factor of 1680696377?
False
Does 3683 divide 1268075315?
True
Is 11449671 a multiple of 3?
True
Is 3370 a factor of 76747378?
False
Does 3649 divide 285238681?
True
Is 14 a factor of 1678533191?
False
Is 415312125 a multiple of 66?
False
Is 63027020 a multiple of 35?
True
Is 45276061 a multiple of 16?
False
Is 627581261 a multiple of 923?
False
Is 132 a factor of 34367330?
False
Is 1229906004 a multiple of 4287?
True
Is 3788807220 a multiple of 60?
True
Is 6393 a factor of 1407338124?
False
Is 658559790 a multiple of 315?
True
Does 44 divide 1556141752?
True
Is 2 a factor of 70055361?
False
Is 1113592920 a multiple of 411?
False
Does 2 divide 21813150?
True
Does 350 divide 45523450?
True
Is 64 a factor of 3908864?
True
Is 210704076 a multiple of 7?
False
Is 911 a factor of 9190168?
True
Is 91004046 a multiple of 2?
True
Is 79 a factor of 31880529?
True
Is 496936550 a multiple of 897?
False
Is 83 a factor of 85644297?
True
Is 197 a factor of 293397222?
True
Is 1223256 a multiple of 2?
True
Does 1651 divide 135246618?
True
Is 2 a factor of 46547094?
True
Is 10 a factor of 373678629?
False
Is 179629046 a multiple of 5?
False
Is 5 a factor of 984470?
True
Is 383294688 a multiple of 4085?
False
Is 7 a factor of 30354039?
False
Does 122 divide 189431399?
False
Does 47 divide 8238771?
True
Is 16 a factor of 2652607376?
True
Is 487 a factor of 127264843?
False
Is 688 a factor of 1574690?
False
Is 499464510 a multiple of 303?
False
Is 388 a factor of 454755870?
False
Is 487 a factor of 21944184?
False
Is 22 a factor of 4224398?
False
Does 751 divide 15346685?
True
Is 3108 a factor of 1028260044?
True
Is 412 a factor of 59000460?
True
Is 1449757064 a multiple of 2437?
False
Is 115599248 a multiple of 248?
True
Is 209018586 a multiple of 1420?
False
Is 2382 a factor of 18639150?
True
Is 144637360 a multiple of 163?
False
Does 117 divide 136305117?
True
Does 14 divide 29915522?
True
Is 1298631066 a multiple of 254?
False
Is 161 a factor of 540488914?
True
Does 2025 divide 168870825?
True
Is 72764824 a multiple of 244?
False
Is 1319892833 a multiple of 7?
True
Is 127752 a multiple of 101?
False
Is 4264 a factor of 815869496?
True
Does 414 divide 68311242?
True
Is 18517415 a multiple of 18?
False
Is 16 a factor of 633109632?
True
Is 563 a factor of 256883281?
False
Is 1447236124 a multiple of 56?
False
Is 139875680 a multiple of 497?
True
Is 355 a factor of 404879200?
False
Does 2646 divide 2886008076?
True
Is 6904 a factor of 1028902789?
False
Is 201476039 a multiple of 8?
False
Is 33285648 a multiple of 121?
True
Does 167 divide 873461642?
False
Is 7 a factor of 184281131?
False
Is 874679800 a multiple of 50?
True
Is 1245 a factor of 417222901?
False
Is 39802527 a multiple of 509?
False
Is 998789 a multiple of 11?
True
Is 2654880 a multiple of 24?
True
Is 52 a factor of 1977784022?
False
Does 4804 divide 253132395?
False
Is 348984944 a multiple of 1760?
False
Is 6039974 a multiple of 17?
False
Does 276 divide 10316328?
True
Is 2052 a factor of 4128681456?
True
Is 399 a factor of 226250824?
False
Is 5892473525 a multiple of 1629?
False
Is 34545237 a multiple of 33?
False
Is 3522 a factor of 563745137?
False
Is 88668600 a multiple of 50?
True
Does 15 divide 113381340?
True
Is 2875976 a multiple of 32?
False
Is 2939 a factor of 393364577?
True
Is 8583 a factor of 5979947760?
True
Does 244 divide 61879949?
False
Is 2938 a factor of 169266605?
False
Is 291435552 a multiple of 18?
True
Is 356 a factor of 19248493?
False
Is 91 a factor of 11784045?
True
Does 31 divide 785165953?
False
Is 86 a factor of 109738714?
False
Is 141728676 a multiple of 38?
True
Is 53 a factor of 20069696?
False
Does 130 divide 67418306?
False
Does 55 divide 59435805?
True
Is 1511 a factor of 569891143?
False
Does 617 divide 67546075?
True
Is 7389018 a multiple of 819?
True
Is 16 a factor of 326684671?
False
Is 984 a factor of 199169678?
False
Is 1351713844 a multiple of 146?
True
Is 73173012 a multiple of 1671?
False
Is 62744000 a multiple of 506?
True
Does 36 divide 49257575?
False
Is 125333940 a multiple of 1740?
True
Is 230 a factor of 8230550?
True
Is 68 a factor of 25614424?
False
Does 63 divide 117945405?
False
Is 1713 a factor of 17798070?
True
Is 105444934 a multiple of 33?
False
Is 181031410 a multiple of 35?
True
Is 5695328 a multiple of 32?
True
Does 17 divide 360731351?
False
Does 28 divide 1003584512?
True
Is 36847956 a multiple of 2?
True
Is 1808 a factor of 603801576?
False
Is 16843200 a multiple of 2640?
True
Is 168118555 a multiple of 1045?
True
Is 121 a factor of 952345020?
True
Does 2075 divide 16641500?
True
Is 845040734 a multiple of 2567?
False
Is 111 a factor of 1520205343?
False
Does 47 div